4 = -10*d - 3834. Let i(j) = -4*j - 17. Determine i(d).
23
Let o(b) = -4*b**2 + 8*b - 9. Let y(r) = r**2 + 1. Let d(x) = o(x) + 3*y(x). Calculate d(7).
1
Let f(l) = -l - 15. Suppose 14 = -3*n - 7. Give f(n).
-8
Let y(a) = a**3 + 8*a**2 + 6*a + 5. Suppose 0 = -2*j + 4*i - 6, 87*i + 11 = -3*j + 92*i. Calculate y(j).
12
Let h(g) = 3*g + 9. Suppose -10*x + 12*x = -10. Let m(i) = -i + 3*i - 4*i - 9. Let d(c) = x*m(c) - 4*h(c). Determine d(6).
-3
Let x be 2*-12 - (-6 - -3). Let y(q) = q + 26. Let j be y(x). Let a(m) = -m**2 + 4*m + 6. Determine a(j).
1
Let l(k) = -k**3 - 5*k**2 + 6*k + 5. Let x(s) = s**3 - 32*s**2 - 105*s - 6. Let v be x(35). Give l(v).
5
Suppose 8 - 7 = -3*v + 2*r, 0 = v + 3*r + 15. Let t(o) = 4*o**2 + 8*o + 13. Let f(a) = a**2 + 2*a + 3. Let p(z) = -9*f(z) + 2*t(z). Give p(v).
-4
Let r(m) be the second derivative of -m**4/12 + 7*m**3/3 - 17*m**2/2 - 5*m - 5. What is r(14)?
-17
Let c(x) = 2*x. Let w = -452 - -460. Determine c(w).
16
Suppose -56*t + 212 = 50*t. Let n(z) = 0*z + 2 - 2*z + 0*z - 3*z**2. What is n(t)?
-14
Suppose b + 5*v = 5, -2*v + 23 - 7 = -b. Let r(q) = -q**3 - 11*q**2 - 7*q + 4. Give r(b).
-26
Let b(w) = 17*w**3 + 4*w**2 + 12*w - 5. Let j(x) = -13*x**3 - 5*x**2 - 12*x + 5. Let t(n) = -3*b(n) - 4*j(n). Give t(-6).
-5
Let g(p) be the third derivative of -p**7/5040 + 7*p**5/30 + 15*p**2. Let s(r) be the third derivative of g(r). What is s(0)?
0
Let d = -6 + 14. Let f(b) = -371965*b**2 - 2 + 6 + 8*b + 371964*b**2. Calculate f(d).
4
Let p(l) = -2*l**3 + 6*l**2 + 5*l - 3. Let k(m) = 27*m + 32*m - 62*m - 3*m**2 - 1 + m**3 + 3. Let o(b) = -5*k(b) - 3*p(b). Give o(4).
15
Let d(g) be the first derivative of g**4/4 - 2*g**3 + g - 1. Suppose -10*i - 731 = -791. Give d(i).
1
Let n(m) = -m**3 - 11*m**2 - 10*m. Suppose 0 = -4*i - 4*z - 48, i + 5*z = 5*i + 12. Let c(a) = -a**3 - 9*a**2 - 5*a + 14. Let y be c(i). Calculate n(y).
0
Let o(a) = -3*a + 11. Let c be (-15)/4*240/(-150). Determine o(c).
-7
Let t(n) be the third derivative of -n**5/60 + 4*n**3/3 + 36*n**2 + 2*n. What is t(3)?
-1
Let m(d) = -5 + 3 + 2*d**2 - d + 3. Suppose 5*v + 2*k - 6*k - 1 = 0, 7 = 2*v + 5*k. What is m(v)?
2
Let h(p) = 2 - 289*p + p**3 + 1 + 0 + 294*p. Let w be h(0). Let z(g) = 3*g + 3*g - 4 - g. Determine z(w).
11
Let p(t) = -551*t - 11 + 550*t - 6. Determine p(-14).
-3
Let g(p) = 37*p - 8. Let d(n) = -9*n + 2. Let m(v) = 9*d(v) + 2*g(v). Let t be (-122)/6 + (-5 - 26/(-6)). Let a be 12/t*3/6*-7. Give m(a).
-12
Let z(h) = -2*h + 1. Let y(i) = -9*i + 27. Let d(s) = -2*y(s) + 10*z(s). Let b be d(-22). Let g(j) = j**2 + 4. Calculate g(b).
4
Let c(o) = -16*o + 22. Let j(b) = -13*b + 20. Let z(r) = 4*c(r) - 5*j(r). Determine z(7).
-5
Let g(a) be the first derivative of a**5/60 - a**4/4 + 5*a**3/6 - a**2/2 - 17. Let k(u) be the second derivative of g(u). Give k(6).
5
Let r(t) = -5*t + 17. Suppose -119*d = -49*d - 490. Determine r(d).
-18
Let i(p) be the second derivative of p**5/20 + 5*p**4/6 + 4*p**3/3 - 15*p**2/2 - 744*p. Give i(-9).
-6
Let x(g) = -g**3 + 4*g**2 - 2*g + 5. Let s(v) = v**3 + 12*v**2 - 13*v - 1. Let j be s(-13). Let t = 5 + j. Let c be t - 4 - (-1 + -3). Give x(c).
-3
Let t(i) = 3*i - 33. Suppose -4*b + 57 = -g, -11*g + 7*g = -2*b + 46. Give t(b).
6
Let i be 4/14 + 48/(-21) - -2. Suppose s - 2 - 7 = i. Let j(u) = -u - 5. Determine j(s).
-14
Let m(y) = 781 - 388 - 2*y - 384 + 3*y. Determine m(-10).
-1
Let q(h) = -h**3 + 3*h**2 - 3*h + 3. Let c be (16/(-10))/2*20/(-8). Suppose 21 - 25 = -c*v. Determine q(v).
1
Let s(i) be the first derivative of -i**3/3 + 11*i**2/2 + 3*i + 236. What is s(9)?
21
Let z(x) = 3*x - 55 + 107 - 53. What is z(-2)?
-7
Let w be (4/(-10))/(16 - 2178/135). Let f(y) = -5*y + 1. Let q be f(-1). Let j(p) = -1 - 2*p - 4*p**2 + q*p**2 - p**2. What is j(w)?
2
Let g(h) be the second derivative of -h**5/20 + 3*h**4/4 - 5*h**3/3 + 4*h**2 + 4*h + 5. Determine g(8).
-8
Suppose -2*a - 6 = -4*a. Let y be (-54)/(-24) + 0 - 1/4. Let j(f) = -4*f**y + 6*f**2 - 9 + 6*f + 0*f**2 - a*f**2. Give j(6).
-9
Let k = -3688 + 3687. Let f(d) = 32*d + 4. Let c(u) = 21*u + 3. Let b(t) = 7*c(t) - 5*f(t). Determine b(k).
14
Let i(c) = 6*c**2 + 14*c + 10. Suppose 6*g - g = 25. Suppose g*y = -y - 36. Let p(q) = -7*q**2 - 15*q - 11. Let s(j) = y*i(j) - 5*p(j). Give s(-8).
3
Let o(k) = k**2 - 6*k. Let i(d) = -3*d**2 + 18*d. Let u(y) = -6*i(y) - 17*o(y). Suppose -64 + 49 = -3*l. Determine u(l).
-5
Let d(h) = -12*h - 1. Let p be d(2). Let t be (20/p)/(2/5). Let a(y) = 3*y**3 + 2*y**2 + 3*y + 3. Calculate a(t).
-19
Let t = -19 + 19. Suppose t = 5*i + 8 + 2. Let o(q) be the first derivative of -q**2 - 7. Determine o(i).
4
Let j(m) = -m + 3. Let y = 35 - 31. Suppose y*r + 9 = -3*i, 2*r - 2*i = -3*r - 17. Determine j(r).
6
Let x(f) = 5*f + 14. Let w(s) = -2*s - 4. Let n(o) = -4*w(o) - x(o). Determine n(2).
8
Suppose 40*n - 42*n + 56 = 0. Suppose 0 = -f - 3*f, -4*j - 2*f + n = 0. Let q(y) = -y + 8. Determine q(j).
1
Suppose -2*t + 5*a = -7*t - 10, -4*a = -t + 18. Let m(l) = 2*l + 0*l + 5*l**2 - t*l**3 + 3*l**3. Let v be 2/8 + -12 + (-459)/(-68). Calculate m(v).
-10
Suppose -5*v - 4*r = -35, 14*r - 12*r + 21 = 3*v. Let s(u) = u**3 - 8*u**2 + 6*u - 4. What is s(v)?
-11
Let u(m) = -6*m - 98*m**2 - 3 + 2 - 99*m**2 + 195*m**2. Calculate u(-4).
-9
Let x(w) = -2*w**3 - w**2 + w - 6. Let p(z) = 5*z**3 + 4*z**2 - 4*z + 17. Let o(g) = -3*p(g) - 8*x(g). Let h(n) = n - 6. Let k be h(8). What is o(k)?
-3
Let u(c) = 5*c - 6. Let o = -44 + 41. Let f(k) = 5*k - 7. Let w(m) = o*u(m) + 2*f(m). Give w(4).
-16
Suppose -33 = -0*m - m - 5*p, 11 = 2*m - p. Let l be -3 + -1 + 0 + m. Let r(y) = 5*y - l*y + y**3 - y - 8*y**2 + 7*y - 5. Give r(7).
-5
Suppose -w = 5*o - 12, -5*w - 4*o = -o - 16. Suppose 5*d + 27 = w*q, q = -4*q - 3*d - 10. Let x(k) = -1 + 2*k - 2*k**2 - 2*k**2 + k**2. Determine x(q).
-2
Suppose 0 = b + 5*r - 3 + 6, 3*r + 3 = 0. Let x(c) = c**3 + 2*c - 4 - 2*c**3 - 4*c**b - 5*c. Let t(o) = -23*o**2 - 82*o - 43. Let n be t(-3). Determine x(n).
8
Let r(m) = -3*m + 1798 - 1797 + 4*m. Determine r(-3).
-2
Let h(l) = 6 - 6 + 1418*l - 1420*l. Give h(-6).
12
Suppose 0 = 2*f + 4, -2*t - 2*f = 2*t + 16. Let k(y) = y + 2. Let c(l) = -3*l - 6. Let d(g) = c(g) + 2*k(g). Calculate d(t).
1
Let w(m) = 2*m - 1. Let q be (-12)/(-16)*(-4)/(-6)*4. Let i be 1/(15/(-9) - -2). Suppose -i*z = -5*z + q. Give w(z).
1
Let x(v) = 3*v. Let c = -42 - -44. Let t(q) = -2*q**3 + 3*q**2 - q + 1. Let l be t(c). What is x(l)?
-15
Let o(g) = 2*g**2 - 2*g + 1. Let q be 81/(-18) + 1/2. Let u be (-3 - -1)*2/q. Calculate o(u).
1
Suppose -i - 4*i = -90. Let q = i + -13. Let o be ((-18)/10)/3*q. Let c(j) = j**2 + 4*j + 2. What is c(o)?
-1
Suppose 54 = -13*l - 76. Let z(o) = -o**3 - 10*o**2 - 11. Give z(l).
-11
Let x(d) = -d**2 - 7*d - 10. Let z be x(-4). Let j(b) = 3 - 24*b**2 + 61*b**z - 9*b - 36*b**2. Calculate j(6).
-15
Let w(u) be the third derivative of -u**8/6720 - u**7/315 - u**6/120 + u**5/60 - u**4/12 - 5*u**2. Let l(k) be the second derivative of w(k). Determine l(-7).
-5
Let t be 5 + (0 - (-16)/(-2)). Let c(f) = 2*f - 3. Let n(u) = -4*u + 5. Let g = -1 + -4. Let m(q) = g*c(q) + t*n(q). Give m(-6).
-12
Let i be 8/32 - 78/(-8). Let y(q) = -7 - 4 + 20 - i - 2*q. Give y(5).
-11
Let z = 63 + -50. Let v(c) = 2*c**3 - 6*c**2 - 5*c + 5. Let o(i) = -4*i**3 + 13*i**2 + 11*i - 11. Let d(t) = z*v(t) + 6*o(t). Give d(1).
2
Let a(w) be the first derivative of 5*w**2/2 + 91. Calculate a(1).
5
Let i(k) = 5*k**3 - 14*k**2 - 6*k + 6*k**2 + 2 - 7 - 6*k**3 + 2*k**3. Give i(9).
22
Let v(q) = q**3 + 16*q**2 - 3*q + 16. Let n(g) = 2*g**3 + 32*g**2 - 8*g + 32. Let j(k) = -2*n(k) + 5*v(k). Determine j(-16).
0
Let o(k) = -3*k + 3*k - 3*k + 4. Let t = -30 - -28. Let s be (-4 + 2)/(t/4). Determine o(s).
-8
Let i(a) = -a + 19. Let s = -330 - -330. What is i(s)?
19
Let l(n) = -n**2 + 8*n + 2. Let o(a) = a**3 + 13*a**2 + 12*a + 5. Let z be o(-12). Suppose -10*b + 45 = -z*b. Determine l(b).
-7
Let d(x) = 9*x**2 - 2*x - 3*x**2 + 1 + x**2. Let t(r) = r - 6. Let a be t(-2). Let o(f) = f**3 + 5*f**2 - 23*f + 9. Let w be o(a). Calculate d(w).
6
Suppose 0*o = o + 4*u - 23, 5*o = -u + 20. Suppose -2*b - b = -c - 13, -o*b = -2*c - 11. Let h be ((-10)/(-15))/(c/6). Let x(n) = 2*n**3 + 2. Determine x(h).
18
Let p(w) be the second derivative of 